{"id":91,"date":"2017-02-28T20:42:17","date_gmt":"2017-02-28T19:42:17","guid":{"rendered":"http:\/\/www.psychologie-proeller.at\/?page_id=91"},"modified":"2017-02-28T20:42:17","modified_gmt":"2017-02-28T19:42:17","slug":"berufliche-laufbahn","status":"publish","type":"page","link":"https:\/\/www.psychologie-proeller.at\/?page_id=91","title":{"rendered":"Berufliche Laufbahn"},"content":{"rendered":"<p><strong>Lehrt\u00e4tigkeiten<\/strong><\/p>\n<ul>\n<li>diverse Praktika an verschiedenen Volksschulen in Linz, Wels und Altm\u00fcnster<\/li>\n<li>Vortragst\u00e4tigkeit Gesundheitsakademie Klinikum Wels<\/li>\n<\/ul>\n<p><strong>Praktika<\/strong><\/p>\n<ul>\n<li>Praktikum an der\u00a0<strong>Landesnervenklinik Salzburg Abteilung Jugendpsychiatrie <\/strong>(Prim. Dr. Biebl)<\/li>\n<li>Psychologisches Praktikum an der\u00a0<strong>Familienberatungsstelle Balance <\/strong>in Gmunden<\/li>\n<li>Klinisches Praktikum\u00a0an der\u00a0<strong>Mammaambulanz <\/strong>des<strong>\u00a0Krankenhauses der Barmherzigen Schwestern Linz<\/strong>\u00a0 (unter Leitung von Dr. Schweitzer und OA. Dr.\u00a0Tausch)<\/li>\n<li>Fachspezifisches Psychotherapiepraktikum an der\u00a0<strong>Psychiatrischen Klinik Wels <\/strong>(Prim. Dr. Windhager und Dr. Giefing)<\/li>\n<li>Fachspezifisches Psychotherapiepraktikum an der\u00a0<strong>Familienberatungsstelle Balance <\/strong>in Gmunden<\/li>\n<\/ul>\n<p><strong>Bisherige T\u00e4tigkeiten<\/strong><\/p>\n<ul>\n<li><strong>Klinische Psychologin <\/strong>an der\u00a0<strong>Schulpsychologischen Beratungsstelle Steyr<\/strong><\/li>\n<li><strong>Klinische Psychologin <\/strong>im\u00a0Psychologischen\u00a0Liason- und Konsiliardienst am\u00a0<strong>Klinikum Wels<\/strong>\n<ul>\n<li><strong>Li<em>asondienst\u00a0<\/em><\/strong>an der<strong> Internen Abteilung (Gastroenterologie)\u00a0<\/strong>und Projektmitglied der\u00a0<strong>Adipositasgruppe<\/strong>\u00a0f\u00fcr Kinder und Jugendliche am Klinikum unter Leitung: OA. Dr. M\u00fchleder (Zust\u00e4ndigkeit psychologische Betreuung)<\/li>\n<li><strong><em>Konsiliardienst <\/em><\/strong>an den\u00a0<strong>Stationen<\/strong>: Chirurgie I+II, Lunge, Unfall, HNO, Orthop\u00e4die, Mund- und Kieferchirurgie, Neurologie vertretungsweise Geburtshilfe und Frauenheilkunde, Onkologie, Kinderstation<\/li>\n<\/ul>\n<\/li>\n<\/ul>\n<p><strong>Derzeitige T\u00e4tigkeiten<\/strong><\/p>\n<ul>\n<li><strong>Freie Praxis f\u00fcr Psychologie &amp; Psychotherapie <\/strong>seit 2006<\/li>\n<\/ul>\n","protected":false},"excerpt":{"rendered":"<p>Lehrt\u00e4tigkeiten diverse Praktika an verschiedenen Volksschulen in Linz, Wels und Altm\u00fcnster Vortragst\u00e4tigkeit Gesundheitsakademie Klinikum Wels Praktika Praktikum an der\u00a0Landesnervenklinik Salzburg Abteilung Jugendpsychiatrie (Prim. Dr. Biebl) Psychologisches Praktikum an der\u00a0Familienberatungsstelle Balance in Gmunden Klinisches Praktikum\u00a0an der\u00a0Mammaambulanz des\u00a0Krankenhauses der Barmherzigen Schwestern Linz\u00a0 (unter Leitung von Dr. Schweitzer und OA. Dr.\u00a0Tausch) Fachspezifisches Psychotherapiepraktikum an der\u00a0Psychiatrischen Klinik Wels (Prim. &hellip; <\/p>\n<p class=\"link-more\"><a href=\"https:\/\/www.psychologie-proeller.at\/?page_id=91\" class=\"more-link\"><span class=\"screen-reader-text\">\u201eBerufliche Laufbahn\u201c <\/span>weiterlesen<\/a><\/p>\n","protected":false},"author":2,"featured_media":0,"parent":0,"menu_order":0,"comment_status":"closed","ping_status":"closed","template":"","meta":{"footnotes":""},"_links":{"self":[{"href":"https:\/\/www.psychologie-proeller.at\/index.php?rest_route=\/wp\/v2\/pages\/91"}],"collection":[{"href":"https:\/\/www.psychologie-proeller.at\/index.php?rest_route=\/wp\/v2\/pages"}],"about":[{"href":"https:\/\/www.psychologie-proeller.at\/index.php?rest_route=\/wp\/v2\/types\/page"}],"author":[{"embeddable":true,"href":"https:\/\/www.psychologie-proeller.at\/index.php?rest_route=\/wp\/v2\/users\/2"}],"replies":[{"embeddable":true,"href":"https:\/\/www.psychologie-proeller.at\/index.php?rest_route=%2Fwp%2Fv2%2Fcomments&post=91"}],"version-history":[{"count":2,"href":"https:\/\/www.psychologie-proeller.at\/index.php?rest_route=\/wp\/v2\/pages\/91\/revisions"}],"predecessor-version":[{"id":98,"href":"https:\/\/www.psychologie-proeller.at\/index.php?rest_route=\/wp\/v2\/pages\/91\/revisions\/98"}],"wp:attachment":[{"href":"https:\/\/www.psychologie-proeller.at\/index.php?rest_route=%2Fwp%2Fv2%2Fmedia&parent=91"}],"curies":[{"name":"wp","href":"https:\/\/api.w.org\/{rel}","templated":true}]}}

<p><strong>Lehrtätigkeiten</strong></p>
<ul>
<li>diverse Praktika an verschiedenen Volksschulen in Linz, Wels und Altmünster</li>
<li>Vortragstätigkeit Gesundheitsakademie Klinikum Wels</li>
</ul>
<p><strong>Praktika</strong></p>
<ul>
<li>Praktikum an der <strong>Landesnervenklinik Salzburg Abteilung Jugendpsychiatrie </strong>(Prim. Dr. Biebl)</li>
<li>Psychologisches Praktikum an der <strong>Familienberatungsstelle Balance </strong>in Gmunden</li>
<li>Klinisches Praktikum an der <strong>Mammaambulanz </strong>des<strong> Krankenhauses der Barmherzigen Schwestern Linz</strong>  (unter Leitung von Dr. Schweitzer und OA. Dr. Tausch)</li>
<li>Fachspezifisches Psychotherapiepraktikum an der <strong>Psychiatrischen Klinik Wels </strong>(Prim. Dr. Windhager und Dr. Giefing)</li>
<li>Fachspezifisches Psychotherapiepraktikum an der <strong>Familienberatungsstelle Balance </strong>in Gmunden</li>
</ul>
<p><strong>Bisherige Tätigkeiten</strong></p>
<ul>
<li><strong>Klinische Psychologin </strong>an der <strong>Schulpsychologischen Beratungsstelle Steyr</strong></li>
<li><strong>Klinische Psychologin </strong>im Psychologischen Liason- und Konsiliardienst am <strong>Klinikum Wels</strong>
<ul>
<li><strong>Li<em>asondienst </em></strong>an der<strong> Internen Abteilung (Gastroenterologie) </strong>und Projektmitglied der <strong>Adipositasgruppe</strong> für Kinder und Jugendliche am Klinikum unter Leitung: OA. Dr. Mühleder (Zuständigkeit psychologische Betreuung)</li>
<li><strong><em>Konsiliardienst </em></strong>an den <strong>Stationen</strong>: Chirurgie I+II, Lunge, Unfall, HNO, Orthopädie, Mund- und Kieferchirurgie, Neurologie vertretungsweise Geburtshilfe und Frauenheilkunde, Onkologie, Kinderstation</li>
</ul>
</li>
</ul>
<p><strong>Derzeitige Tätigkeiten</strong></p>
<ul>
<li><strong>Freie Praxis für Psychologie &amp; Psychotherapie </strong>seit 2006</li>
</ul>

<p>Lehrtätigkeiten diverse Praktika an verschiedenen Volksschulen in Linz, Wels und Altmünster Vortragstätigkeit Gesundheitsakademie Klinikum Wels Praktika Praktikum an der Landesnervenklinik Salzburg Abteilung Jugendpsychiatrie (Prim. Dr. Biebl) Psychologisches Praktikum an der Familienberatungsstelle Balance in Gmunden Klinisches Praktikum an der Mammaambulanz des Krankenhauses der Barmherzigen Schwestern Linz  (unter Leitung von Dr. Schweitzer und OA. Dr. Tausch) Fachspezifisches Psychotherapiepraktikum an der Psychiatrischen Klinik Wels (Prim. &hellip; </p>
<p class="link-more"><a href="https://www.psychologie-proeller.at/?page_id=91" class="more-link"><span class="screen-reader-text">„Berufliche Laufbahn“ </span>weiterlesen</a></p>
